 -39*4/(-3) + -2. Suppose -t + 285 = 5*k. Let n = k - 27. Calculate the greatest common divisor of n and 100.
20
Let c(b) = -b**2 + 6*b + 4. Let r be c(3). Let h = r + -4. Let v(y) = y**2 + 2*y + 1. Let i be v(-2). What is the greatest common factor of h and i?
1
Let t be ((5/(-15))/(-1))/((-2)/(-66)). Calculate the greatest common divisor of 88 and t.
11
Let r(z) = -13*z**3 - 1. Let y be r(-1). Let b = 20 - y. Calculate the greatest common divisor of b and 88.
8
Let h = -7 - -29. Calculate the greatest common divisor of 33 and h.
11
Let g = -9 + 15. Let j = -4 + g. Let t be (-1)/(-1 - 10/(-12)). Calculate the highest common factor of j and t.
2
Let o = 6 + -3. Let y = -32 + 53. Calculate the greatest common divisor of o and y.
3
Let k = 26 + 100. Suppose -5*v + 41 + 39 = 0. Suppose 0 = 4*b + v - 88. Calculate the greatest common divisor of b and k.
18
Let u(a) = -2*a**3 - 2*a**2 - 4*a - 12. Let x be u(-3). Let v be ((-2)/((-4)/18))/1. Calculate the highest common divisor of x and v.
9
Suppose 4*t = 5 - 1. Let x be t + -4 - (1 - 16). Calculate the highest common divisor of 12 and x.
12
Suppose 2*u = -y - 0*y - 16, -3*y = -u + 34. Let o be (y/7)/((-4)/98). What is the greatest common factor of o and 63?
21
Suppose 4*x + 3*y - 155 = 0, 0 = -4*x + 5*x - y - 30. What is the greatest common divisor of x and 14?
7
Let f be (-2)/11 + 1491/33. Let a = 59 + -41. Calculate the highest common divisor of a and f.
9
Let b = -7 + 18. Suppose 136 = b*p - 7*p. Calculate the greatest common divisor of 17 and p.
17
Suppose -5 = p - 18. Let k = p + 23. Calculate the greatest common divisor of k and 4.
4
Let k(u) = u**3 - 8*u**2 + u + 1. Let x be k(8). What is the highest common divisor of x and 45?
9
Suppose -3*b = 2*x - 136, 3*b + 184 = 7*b + 4*x. What is the highest common factor of b and 4?
4
Suppose 0*o + 51 = 3*o. What is the greatest common factor of o and 68?
17
Let z(b) = -b**2 - 6*b + 3. Let y be z(-3). What is the greatest common factor of y and 96?
12
Let n be ((-8)/(-6))/((-6)/(-513)). What is the greatest common divisor of n and 19?
19
Let a be (-1)/1*(1 + 0). Suppose 6 = 4*t - 6. Let v = a + t. What is the greatest common divisor of v and 6?
2
Suppose -5*p - 149 = -3*v, -5*v + 2*v - 3*p + 189 = 0. Let o = v - 37. What is the highest common divisor of 84 and o?
21
Suppose -4*m + 4 = -3*m. Suppose -i + 7 = 3*f - 2*f, 4*i + 4 = m*f. Calculate the highest common factor of 27 and i.
3
Suppose 44 = -5*h - 6. Let t be -3 - (4 + -11) - 30. Let n = h - t. Calculate the highest common divisor of n and 40.
8
Suppose 2*l - 6 = -2*o + 18, 3*o = 5*l - 20. What is the greatest common divisor of l and 35?
7
Suppose 4 = -2*y + 3*y. What is the greatest common divisor of 12 and y?
4
Let c(s) = -s**3 - 2*s**2 + s. Let o be c(-3). Let t = -504 - -507. Calculate the highest common divisor of t and o.
3
Let i(j) = j**3 - 8*j**2 + 6*j - 4. Let u be i(7). Let n = u + 13. Calculate the greatest common divisor of n and 18.
2
Let q = -26 - -38. What is the highest common factor of q and 84?
12
Suppose 5*f - 3*d - 30 = 35, 3*d = 15. Suppose 0 = n + 3*n - f. Suppose 0 = -a + h + 2*h + 5, -n*a = -3*h - 20. What is the greatest common factor of a and 45?
5
Let r = -1 - -10. Let y = r + -5. Calculate the greatest common divisor of y and 12.
4
Suppose 0*q = 5*q + 20. Let m(d) = d**2 + 3*d - 1. Let a be m(q). Let o be (-10)/15 - (-74)/a. Calculate the greatest common divisor of o and 6.
6
Suppose 0 = k - 3 + 1. Suppose -3*b - 4*s - 5 = -0, k*b + 2*s = 0. What is the greatest common divisor of b and 45?
5
Suppose g - 2*g = -14. Calculate the greatest common factor of 98 and g.
14
Let n(w) = -w**2 - w + 17. Let a be n(0). Let s = 227 - 142. What is the greatest common factor of a and s?
17
Let f = 1 + 17. Let z be (-2 + -1)/((-2)/12). Calculate the greatest common divisor of f and z.
18
Let b be (-20)/(-12)*6/(-2). Let i = 23 + b. Calculate the greatest common divisor of 27 and i.
9
Suppose 4*b - 63 = b. Suppose 0 = -w + y + 2*y + b, -5*w + 2*y = -144. Calculate the greatest common divisor of 75 and w.
15
Let m(f) = -f - 28. Let u be m(-14). Let h = -2 - u. Calculate the highest common factor of h and 4.
4
Let w(y) = -y**3 - 4*y**2 + y + 7. Let l be w(-4). Calculate the greatest common factor of 39 and l.
3
Let g = 19 - 13. What is the greatest common divisor of g and 30?
6
Let m(k) = 22*k - 3. Let o be m(4). Suppose c = -x + 19, -1 = 3*x - 7. Calculate the greatest common divisor of o and c.
17
Suppose -v + 34 = -4*s + 231, -5*s = -2*v - 244. Calculate the greatest common factor of s and 25.
25
Suppose -2 + 30 = -4*y. Let p(t) = -2*t - 4. Let k be p(y). Calculate the highest common factor of k and 80.
10
Let t = 17 - -11. Calculate the highest common factor of 28 and t.
28
Suppose -16 = 3*u + 8*n - 3*n, 0 = 3*n + 6. Let l be u/(-5) + 8/5. Let h = -10 - -28. What is the highest common divisor of l and h?
2
Let o be ((-8)/6)/((-2)/3). Suppose -z = -o*z + 12. Let d = -28 + 36. Calculate the greatest common factor of d and z.
4
Let p = 73 + -40. Let w(q) = -q**3 - q**2 + q + 3. Suppose -3*h = -0*h. Let r be w(h). Calculate the highest common divisor of p and r.
3
Let k(r) = r**2 + 7*r - 21. Let g be k(-10). Calculate the highest common factor of 15 and g.
3
Let k be 57/(-4)*(-8)/3. Let v = k + 1. Let j = 58 - v. Calculate the greatest common factor of 38 and j.
19
Let b be (-12)/(-20) + (-36)/(-15). Suppose 3*k - 26 = -2*n, -2*n + b*n = 2*k + 20. What is the greatest common factor of 16 and n?
16
Let o be 7/((-14)/(-4)) + 2. Let z be o/(24/(-9))*-2. Calculate the greatest common divisor of 3 and z.
3
Let w be 10*(1 + (-15)/(-2)). Let c be 15 + 12/90 + (-56)/(-30). What is the highest common factor of c and w?
17
Suppose 0 = 5*q - 66 - 209. Calculate the greatest common divisor of 11 and q.
11
Suppose -f = -2*o - 2*o + 57, -2*o + 45 = 5*f. Suppose 5 = -m + o. What is the highest common divisor of 25 and m?
5
Let n be 2/(-10) + (-1408)/(-40). Calculate the highest common factor of n and 10.
5
Let m(i) = 2*i - 8. Let r be m(6). Let y be (-8)/r*(-4 + 2). What is the greatest common divisor of y and 12?
4
Suppose j - 5 + 2 = -x, -5*j - 15 = -x. Let f(h) = 6*h**2 - 3*h - 1. Let t be f(j). Suppose 1 = 5*m - t. What is the highest common factor of 66 and m?
6
Suppose 3*c - 115 = -u, 3*c - 4*u - 125 = -0*c. Let m = c + 24. What is the highest common divisor of m and 9?
9
Suppose t = -5*z - 18, 18 - 6 = 4*t - z. Let k be (t - (-16)/(-6))*-3. Suppose -k*r + 3*r - 135 = 0. Calculate the greatest common divisor of 15 and r.
15
Suppose 0 = -2*n - 6*n + 1568. What is the greatest common divisor of 28 and n?
28
Let a be ((-4)/(-6))/((-2)/(-3)). Suppose -5*t - 30 = -5*n, -t - 14 = n + 2*t. Calculate the greatest common divisor of n and a.
1
Let i be (20/8)/(2/76). Calculate the highest common divisor of i and 19.
19
Let h = -12 - -21. What is the greatest common factor of h and 45?
9
Let p(g) = 4*g. Let c be p(1). Calculate the greatest common factor of c and 28.
4
Let m(n) = -5*n**2 - 2*n**2 - 5 + 8*n**2 + 7*n. Let x be m(-8). What is the highest common divisor of x and 3?
3
Let z = -4 - -4. Suppose 0*a - a + 5 = z. Calculate the greatest common factor of a and 40.
5
Let o(t) = -2*t. Let x be o(2). Let i = 9 + x. Suppose 2*a - m - 3*m = 28, -i*a + 3*m + 98 = 0. Calculate the highest common divisor of a and 55.
11
Suppose -13 = -2*k + 225. Let g = -79 + k. Let l = 62 + -2. Calculate the greatest common divisor of g and l.
20
Let u = 203 - 23. Suppose y + 175 = 11*w - 6*w, 3*w = -2*y + 118. What is the highest common divisor of u and w?
36
Suppose 0 = 4*a + 284 - 1184. Calculate the highest common divisor of 45 and a.
45
Let w(a) = 2*a - 12. Let i be w(10). Let o(s) = 4*s**2 + 5*s - 3. Suppose 0*c + 4*c + 20 = 0. Let p be o(c). What is the greatest common divisor of i and p?
8
Suppose 4*l + 1 = 13. Suppose -58 = -4*h + 2*r + 3*r, -4*h - l*r + 74 = 0. Calculate the greatest common divisor of 85 and h.
17
Suppose -5*y - 23 = -2*p, -4*p - 3*y + 30 = -3. Suppose -4*j - 5*m + 128 = 0, 5*m - p = -j + 23. What is the highest common divisor of 8 and j?
8
Let k(f) = -f**3 - f. Let i be k(-7). What is the greatest common factor of i and 50?
50
Let u(p) = 2*p. Let r be u(-3). Let g be 1/2 - 63/r. What is the h